ghest common factor of n and b?
8
Let g(h) = -h**3 + 2*h**2 + 108*h + 19. Let x be g(7). What is the greatest common divisor of 330 and x?
10
Suppose -855 = -5*f + 4*a, 2*f + 0*a + 4*a = 370. Let n(s) = 2*s**3 - 32*s**2 + 119*s + 80. Let t be n(10). What is the greatest common factor of t and f?
35
Let n(a) = a**3 + 9*a**2 + 10*a + 9. Let g be n(-6). Suppose -5*u + p = -476, 4*u + 137*p = 134*p + 377. Calculate the highest common factor of u and g.
19
Let a(q) = 18*q - 33 - 9 - 7 - 73. Let v be a(21). What is the highest common divisor of v and 32?
32
Suppose -15 = -2*h - 3*h. Suppose 2*g + 1 = -h*i, 3*g + 1 - 22 = 3*i. Let v be (((-108)/3)/g)/(-1). Calculate the greatest common factor of 63 and v.
9
Suppose -4*c + 2*c = 4, -1209 = -5*l + 2*c. Suppose -5*w + l = -659. What is the greatest common divisor of w and 90?
90
Suppose 0*v - g = 3*v - 93, -2*g = -2*v + 70. Let r be -2 - 1*(-3 + 2). Let s be -2*(-2 + (r - -1))*1. Calculate the highest common factor of v and s.
4
Suppose -2*z - 12 = -5*f - 36, -4*z + 20 = -3*f. Suppose -3*j - z*u + 45 = -u, -76 = -5*j - 2*u. What is the highest common divisor of 154 and j?
14
Let z(o) = o - 1. Let t(f) = 3. Let u(r) = 5*t(r) - z(r). Suppose -l = 3*l - 16. Let v be u(l). What is the greatest common factor of v and 36?
12
Let t = 10708 - 10636. What is the greatest common factor of t and 11?
1
Let o be (-19)/(-2) + 2/(-4). Let f(p) = -p**2 - 4*p + 11. Suppose 8*m = -63 + 23. Let c be f(m). What is the greatest common factor of o and c?
3
Let d be (-13)/(-65) - (-31)/(-5). Let h be 14 - d/(-2)*-1. Suppose -r = 8*r - 1836. What is the highest common divisor of h and r?
17
Let n(g) = -g**3 + 26*g**2 - 46*g - 24. Let m be n(24). Suppose 9*w - m = 39. Calculate the highest common factor of 14 and w.
7
Let y(q) = 3*q**2 + 21*q - 22. Let m = 250 - 259. Let w be y(m). Suppose 5*p = 6*p - 192. Calculate the greatest common factor of p and w.
32
Let i = 9469 + -8325. Calculate the highest common divisor of 884 and i.
52
Let t(z) = -z + 4*z + 39 - 51 + z. Let l be t(8). Calculate the highest common divisor of 540 and l.
20
Let l(f) = -11*f**2 + 30*f + 50. Let m(n) = 7*n**2 - 20*n - 34. Let c(j) = -5*l(j) - 8*m(j). Let o be c(11). Calculate the greatest common divisor of o and 99.
11
Suppose 5*w + 16*q - 14*q = 886, 0 = 2*q + 4. Suppose -34 + w = 12*a. What is the greatest common factor of a and 24?
12
Let u(c) = c**2 + 4*c + 11. Let w = -121 + 118. Let i be u(w). What is the greatest common factor of i and 104?
8
Let o be 0/(6/4*-2). Let m(x) = x**2 - x + 121. Let v be m(o). Suppose 96 + 63 = 3*y - 3*b, 2*y - 5*b - v = 0. Calculate the highest common divisor of y and 12.
12
Let a = -778 + 2019. Let s = -761 + a. Calculate the greatest common factor of 30 and s.
30
Let c(i) = i**3 - 46*i + 271. Let w be c(6). Calculate the greatest common factor of w and 2954.
211
Suppose -b + 344 = -5*z, -5*b + 15*z - 17*z = -1882. What is the greatest common divisor of b and 935?
187
Let n be (-44)/6*-3 - 1. Let j be 27/3 - (1 + (-1 - -2)). Let g = j - 0. What is the greatest common factor of g and n?
7
Suppose -2*n = 4*f - 2584, -3*f - 2922 = -4*n + 2268. Suppose -o + 10*o - n = 0. What is the highest common divisor of 16 and o?
16
Let n(b) = 91*b**2 - 125*b - 102. Let d be n(11). What is the greatest common factor of 84 and d?
42
Suppose 0*r + 2*r = 10. Suppose 0 = -f - p + 7, f - p = 1 + 2. Suppose -r*u - 5*s = -u - 215, s + f = 0. What is the greatest common factor of 6 and u?
6
Let n be -96*-3*(-4)/9. Let w be n/(1/(-1)) - -2. Let k = 198643 + -198630. What is the highest common divisor of w and k?
13
Suppose 0 = -2*k + t + 457 + 155, 0 = 4*k - 3*t - 1224. What is the greatest common factor of k and 702?
18
Suppose 0*g - 4 = -2*g. Let v(y) = -2*y**2 + 23*y - 37. Let x be v(8). Suppose 23 = l + x. Calculate the highest common divisor of g and l.
2
Let r be 162/8*(-616)/(-21). Suppose 0*j - 3*p = -3*j + 201, 0 = 5*p + 5. Calculate the highest common divisor of r and j.
66
Let k(j) = -j**2 - 21*j - 20. Let v be k(-19). Suppose -256 = -2*c - 4*s + 230, -2*c + 486 = -5*s. What is the highest common factor of v and c?
9
Suppose 3*u = -o + 41520, -3*u + 62349 = 3*o + 20829. What is the greatest common factor of u and 80?
80
Let o = 1418 + -1376. Suppose o = 23*a - 96. Suppose h = -4*f + 212, 10*f = 5*f - 4*h + 254. Calculate the greatest common divisor of f and a.
6
Let h(n) = -n**3 + 4*n**2 - 9*n + 49. Let c be h(4). What is the highest common divisor of c and 2951?
13
Let r(s) = -s**2 + 14*s - 9. Let b be r(13). Suppose 520 = d + b*d. Suppose 4*t = y + 104, d = 4*t - y - y. Calculate the greatest common factor of t and 13.
13
Suppose -74155 - 94325 = 3*p - 19*p. Calculate the highest common divisor of p and 81.
81
Let c(t) = -25*t**3 + 3*t + 1. Let r be c(-2). Let w be 18/(-378)*7 - ((-184)/(-6))/(-2). What is the greatest common factor of w and r?
15
Let c(f) = 12*f**2 + 200*f + 814. Let y be c(-10). Suppose 0 = -4*m + m + 147. Calculate the greatest common factor of y and m.
7
Suppose x + 116 = -169*d + 170*d, 0 = d - 2*x - 112. Calculate the highest common factor of 3030 and d.
30
Let l be (-1)/(1/72)*(-68)/(-38 + 106). What is the highest common divisor of l and 531?
9
Suppose 5*a - 2*j + 381 = 0, 0*a + 5*j + 318 = -4*a. Let i = -71 - a. What is the highest common divisor of 78 and i?
6
Let m = 7991 - 7913. Calculate the greatest common divisor of m and 923.
13
Let l(p) = 57*p + 1. Let k be l(1). Suppose -81*w - 3*j + 41 = -80*w, w + 4*j = 40. Let a = k - w. Calculate the greatest common factor of a and 154.
14
Let b = -5918 + 5946. What is the highest common divisor of 175 and b?
7
Suppose 0 = 296*b + 1314851 - 6562931. What is the highest common factor of b and 30?
30
Let d(q) = -q**3 - 4*q**2 + 15*q + 34. Let a be d(-6). Suppose -13*x = -15*x + a. What is the greatest common divisor of 1 and x?
1
Let t(n) = 25*n + 29. Let y be t(7). Suppose 5*d - y = 6*d. Let q = -4 - d. What is the highest common divisor of q and 25?
25
Let t(o) = -8*o**2 + 16*o + 11. Let d be t(-13). Let c = 2440 + d. Suppose 7*w = 10*w - c. What is the highest common factor of w and 33?
33
Let f(q) = 37*q**3 - 5*q**2 + 4*q. Suppose -7*x + 16 = x. Let r be f(x). Calculate the highest common factor of 213 and r.
71
Suppose t - 2*q = 61 + 63, 4*t - 476 = 4*q. Suppose -5*v = -11*v - t. Let n = v + 31. Calculate the highest common divisor of 60 and n.
12
Suppose 0 = 3*v + 5*d - 754, -2*v + v = -2*d - 244. Let a be 5 - ((-3)/(-2))/((-55)/(-22) + -3). What is the greatest common divisor of v and a?
8
Let s = 9735 - 9399. Calculate the greatest common divisor of s and 483.
21
Let c(i) = -2*i**2 - 86*i - 2. Let z be c(-20). Suppose 39*p - 12*p = z. Calculate the greatest common divisor of 1 and p.
1
Let p = 505 + -206. Suppose f + 5*r - 73 = 0, -150 - p = -5*f + 3*r. Calculate the greatest common divisor of 187 and f.
11
Let x = 6 - 46. Let r be ((-1410)/94)/((-1)/3) + 9. Let t be x*4/(-24)*r. Calculate the highest common factor of 45 and t.
45
Let u = 250 + -230. Let z(q) = -q**2 - 4*q - 12. Let i be z(-7). Let y = i + 41. Calculate the highest common factor of u and y.
4
Let q(r) = 16*r**2 + 323*r - 1327. Let t be q(4). What is the highest common divisor of 2057 and t?
17
Suppose 1340 = 41*i - 36*i. Calculate the greatest common factor of i and 1273.
67
Let f(w) = -w**2 - 69*w - 1032. Let t be f(-24). Let b(k) = -16*k - 4. Let u be b(-4). Calculate the highest common factor of u and t.
12
Suppose 10*w - 420 = 5*w + 5*i, -i + 84 = w. What is the greatest common divisor of 105 and w?
21
Let w be (-317)/9 + 2/9. Suppose -68*d + r = -64*d + 97, 3*r = d + 38. Let s = d - w. What is the highest common divisor of s and 96?
12
Let v(g) = 2*g**3 - 8*g + 7. Let y = 11 + -11. Suppose i + 8*i - 18 = y. Let j be v(i). What is the highest common divisor of j and 1?
1
Let z(b) = 7*b - 602. Let a be z(91). Let l be 5/10*(-1 - -141). What is the greatest common divisor of a and l?
35
Let h be 50/(-75) + 1510/6. Let w = 277 - h. Calculate the greatest common divisor of w and 494.
26
Let i = -2240 - -5005. What is the highest common factor of i and 5?
5
Let b(s) = -3*s**3 + 19*s**2 - 9*s + 5. Let j be b(7). Let k = 225 + j. Let c be 32 + -12 - (-1 - 2). Calculate the greatest 